12).
-284
Let c(t) = -27*t + 208. What is c(12)?
-116
Let o(z) = z**2 - 160*z - 3995. Calculate o(-22).
9
Let z(v) = v**3 - 4*v**2 - 5*v - 39. Give z(6).
3
Let l(i) = i**3 - i**2 - 25*i - 83. What is l(-3)?
-44
Let q(i) = -i**2 + 37*i + 127. Determine q(39).
49
Let p(k) = 7*k**2 + 279*k + 1956. Give p(-9).
12
Let w(n) = -n**3 + 53*n**2 - 51*n - 63. Calculate w(52).
-11
Let f(k) = -k**3 - 11*k**2 - 22*k - 45. Determine f(-6).
-93
Let p(k) = 33*k - 1379. Give p(40).
-59
Let s(r) = -1842*r + 10983. Give s(6).
-69
Let m(v) = 102*v - 4180. What is m(40)?
-100
Let d(c) = -43*c**2 - 1078*c - 16. Determine d(-25).
59
Let i(u) = 58*u**2 + 13*u + 10. Give i(-1).
55
Let o(i) = -2*i**3 - 369*i**2 - 920*i - 1825. Calculate o(-182).
-5
Let y(j) = 3*j - 59. Give y(16).
-11
Let u(f) = -f**3 - 38*f**2 - 163*f - 901. Give u(-34).
17
Let r(z) = 194*z - 2914. Give r(15).
-4
Let o(f) = 414*f - 3160. What is o(7)?
-262
Let b(d) = -4*d**3 + 210*d**2 + 110*d - 30. Determine b(53).
182
Let v(y) = -y**3 - y**2 + 1487*y + 6. Give v(0).
6
Let z(r) = -r**3 - 101*r**2 + 179*r + 7846. Give z(-102).
-8
Let z(u) = -u**2 + 56*u - 784. Determine z(31).
-9
Let q(f) = f**2 - f - 3. Determine q(2).
-1
Let p(h) = -h**3 - 47*h**2 - 250*h - 3356. Determine p(-43).
-2
Let y(q) = -q**2 + 32*q - 261. Determine y(22).
-41
Let o(l) = -28*l - 203. Calculate o(-19).
329
Let r(d) = 7*d**2 + 59*d - 13. Calculate r(-9).
23
Let h(f) = -f**3 + 115*f**2 - 14*f + 1606. Determine h(115).
-4
Let x(l) = -l**3 + 7*l**2 - 25. Calculate x(6).
11
Let a(s) = -s**3 - 17*s**2 - 62*s - 55. What is a(-3)?
5
Let h(m) = 880*m + 3829. Calculate h(-4).
309
Let v(t) = -18*t**2 + 76*t - 15. Give v(5).
-85
Let z(p) = -p**2 - 47*p - 41. Calculate z(-39).
271
Let s(r) = 2*r**3 + 30*r**2 + 105*r + 53. Give s(-10).
3
Let u(d) = 21*d**2 - 333*d - 70. Give u(16).
-22
Let p(o) = 21*o - 4018. What is p(191)?
-7
Let a(n) = -n**3 + 16*n**2 - 47*n + 11. What is a(10)?
141
Let m(f) = -1656*f + 18219. Calculate m(11).
3
Let m(c) = -245*c + 4617. Give m(19).
-38
Let f(x) = -x**3 - 10*x**2 + 84*x + 734. What is f(-7)?
-1
Let l(y) = -6*y + 300. Give l(48).
12
Let b(p) = 17*p - 74. Calculate b(9).
79
Let v(g) = -g**2 - 88*g - 402. Determine v(-5).
13
Let r(m) = 2*m**2 + 13*m + 79. Give r(-14).
289
Let d(t) = -t**3 + 17*t**2 + 36*t - 368. Give d(4).
-16
Let n(b) = -488*b - 18043. Determine n(-37).
13
Let f(x) = 71*x - 1778. Give f(26).
68
Let a(w) = 2*w**2 - 10*w - 265. Give a(14).
-13
Let u(o) = -6*o**3 - 42*o**2 + 8*o + 60. Determine u(-7).
4
Let o(u) = 7*u**2 + 29*u - 152. Determine o(-8).
64
Let p(t) = 4960*t - 4968. Determine p(1).
-8
Let u(f) = f**2 + 417*f + 20832. Calculate u(-58).
10
Let o(y) = -4*y**2 + 100*y + 1068. Calculate o(-11).
-516
Let r(j) = -2*j**2 + 18*j + 30. What is r(11)?
-14
Let l(q) = -630*q - 14486. Calculate l(-23).
4
Let y(d) = 2541*d + 10162. Determine y(-4).
-2
Let s(l) = l**3 + 20*l**2 - 21*l - 39. What is s(-21)?
-39
Let w(k) = -2*k**3 - 158*k**2 - 6*k - 468. What is w(-79)?
6
Let k(c) = -2*c**2 + 16*c + 18. Determine k(5).
48
Let f(i) = -12*i**3 - 145*i**2 - 13*i - 34. Calculate f(-12).
-22
Let y(x) = x**3 - 32*x**2 - 70*x + 46. What is y(34)?
-22
Let r(f) = f**2 + 21*f + 79. Calculate r(-18).
25
Let k(z) = -z**3 - 10*z**2 + 21*z + 28. Give k(-12).
64
Let b(x) = -3608*x + 28857. Calculate b(8).
-7
Let z(y) = 4*y**3 - 8*y**2 - 3*y - 20. What is z(4)?
96
Let m(g) = -44411*g - 44413. Calculate m(-1).
-2
Let d(z) = 2*z**3 - 790*z**2 + 6190*z + 772. Give d(387).
-2
Let g(l) = l**2 + 5*l - 2. Give g(-5).
-2
Let x(p) = 6*p**3 - 4*p**2 - 3*p + 17. Calculate x(3).
134
Let o(x) = -x**3 - 6*x**2 + 52*x - 133. Calculate o(-11).
-100
Let b(j) = 2*j**2 + 3*j - 33. Give b(10).
197
Let q(z) = -48*z**2 + 1652*z + 987. What is q(35)?
7
Let q(a) = -3*a**2 - 210*a + 466. Give q(-72).
34
Let h(x) = x**3 + 3*x**2 - 8*x + 10. What is h(-5)?
0
Let c(h) = h**2 - 9*h - 32. Calculate c(15).
58
Let i(v) = v**3 - 21*v**2 - 899*v + 693. Give i(42).
-21
Let z(f) = 32*f**2 - 73*f - 25. Determine z(3).
44
Let s(l) = 738*l - 2956. Calculate s(4).
-4
Let y(x) = 3*x**2 - 68*x + 446. Determine y(8).
94
Let j(p) = -3*p**3 + 26*p**2 - 2*p + 6. Give j(0).
6
Let r(b) = -10300*b + 206000. Give r(20).
0
Let h(m) = 5*m**2 + 55*m - 2. Calculate h(-12).
58
Let i(d) = -2*d**3 + 21*d**2 + 31*d - 438. What is i(5)?
-8
Let t(r) = -12*r + 36. Calculate t(1).
24
Let v(f) = -12196*f - 24390. What is v(-2)?
2
Let q(w) = 11*w - 175. Determine q(28).
133
Let v(s) = 19*s**2 + 187*s + 51. What is v(-10)?
81
Let q(f) = 13*f**2 - 70*f + 497. Give q(8).
769
Let u(i) = -i**3 - 66*i**2 - 194*i - 314. Calculate u(-63).
1
Let q(f) = f**3 - 142*f**2 + 6*f - 860. Determine q(142).
-8
Let i(u) = 2*u**2 + 57*u + 12. Give i(-26).
-118
Let d(j) = j**2 + 15*j - 334. Give d(-26).
-48
Let n(q) = -2*q**2 + 43*q + 429. Determine n(0).
429
Let z(t) = 417*t - 57551. What is z(138)?
-5
Let c(m) = -m**2 + 3*m + 14. What is c(5)?
4
Let p(x) = -x**2 + 39*x - 225. Calculate p(31).
23
Let t(n) = 12*n + 406. Determine t(-37).
-38
Let l(q) = -q**2 - 425*q - 8481. Determine l(-21).
3
Let q(z) = 37*z + 929. Determine q(-24).
41
Let c(t) = -21*t**2 + 1697*t + 2054. What is c(82)?
4
Let w(z) = 3*z**2 + 816*z - 2469. Calculate w(3).
6
Let b(r) = 6*r**2 - 378*r + 1426. What is b(59)?
10
Let m(j) = -j - 36. What is m(-10)?
-26
Let a(w) = -w**2 + 114*w + 660. Determine a(-6).
-60
Let x(k) = -5*k**2 + 11*k + 38. Determine x(8).
-194
Let g(q) = q**3 - 30*q**2 - 10*q + 76. Calculate g(30).
-224
Let g(i) = -2*i**2 - 84*i - 633. What is g(-32)?
7
Let m(x) = -26*x**2 + 16*x + 68. Give m(-4).
-412
Let c(l) = l**3 + 27*l**2 - 13. Give c(0).
-13
Let u(s) = 2*s**3 + 6*s**2 - 30*s + 36. What is u(-6)?
0
Let h(k) = 50*k + 1171. What is h(-23)?
21
Let v(k) = -2*k**3 - 4*k**2 + 91*k + 10. What is v(6)?
-20
Let j(g) = -96*g + 285. Give j(3).
-3
Let h(r) = -r**2 + 108*r - 1325. Determine h(14).
-9
Let t(a) = -a**2 + 56*a - 330. Give t(48).
54
Let g(b) = b**2 + 8*b + 42. Calculate g(-8).
42
Let r(i) = -i**2 + 45*i - 394. What is r(33)?
2
Let w(x) = -25*x**2 - 16*x - 1. Determine w(-3).
-178
Let k(a) = -19*a**2 - 1388*a - 93. What is k(-73)?
-20
Let r(j) = -j**3 + 16*j**2 + 31*j - 146. Give r(17).
92
Let c(n) = 204*n**2 + 2045*n + 52. What is c(-10)?
2
Let j(c) = -9*c + 409. What is j(31)?
130
Let u(z) = -123*z**2 + 3. Determine u(1).
-120
Let c(k) = -k**2 - 4407*k - 22011. Give c(-5).
-1
Let t(g) = 2*g**3 + 30*g**2 + 10*g - 31. Give t(-13).
515
Let i(y) = 3*y**3 + 20*y**2 + 48*y + 58. Calculate i(-4).
-6
Let v(s) = 2*s**2 + 20*s - 5. Calculate v(-11).
17
Let y(j) = -j**2 - j + 50. Calculate y(9).
-40
Let p(f) = 7*f + 142. Give p(-30).
-68
Let b(k) = 24*k**2 - 192*k + 15. What is b(8)?
15
Let s(h) = -4*h**2 - 9*h + 16. Give s(-3).
7
Let c(t) = -16*t**2 - 22*t - 5. Determine c(-2).
-25
Let v(t) = -47*t + 2118. Calculate v(45).
3
Let c(o) = 106*o**2 - 847*o - 18. What is c(8)?
-10
Let u(b) = 3*b**2 + 303*b + 601. Calculate u(-99).
7
Let d(r) = 2*r**2 + 25*r + 98. Determine d(-9).
35
Let c(k) = k**3 + 16*k**2 + 138*k + 1852. Calculate c(-15).
7
Let h(a) = 159*a + 3326. What is h(-21)?
-13
Let h(y) = 48*y**3 - y**2 - 1. What is h(-1)?
-50
Let m(b) = 73*b**3 + b**2 + b + 3. What is m(-1)?
-70
Let r(f) = -4*f**3 + 12*f**2 - 16*f + 16. Calculate r(-5).
896
Let v(u) = -u**3 + 43*u**2 + 24*u + 2975. Calculate v(45).
5
Let d(o) = -o**3 + 9*o**2 + 56*o + 17. What is d(-4)?
1
Let q(t) = -t**2 + 6*t - 19. Calculate q(-13).
-266
Let u(c) = 75*c - 409. What is u(4)?
-109
Let i(p) = 2*p**2 + 33*p - 2919. Determine i(31).
26
Let w(i) = i**2 - 1159*i + 90. Calculate w(0).
90
Let u(d) = -d**3 + 38*d**2 + 2*d - 45. Determine u(38).
31
Let y(z) = -z**3 + 6*z**2 + 17*z + 11. What is y(8)?
19
Let y(x) = x**3 + 15*x**2 + 53*x - 5. Give y(-9).
4
Let q(g) = -81*g + 4458. Determine q(55).
3
Let w(q) = 1170*q + 8191. Determine w(-7).
1
Let r(j) = 3*j**3 + 102*j**2 + 105*j + 199. Determine r(-33).
1
Let c(b) = -2*b**2 + 50*b - 263. What is c(16)?
25
Let p(d) = d + 28. Give p(-16).
12
Let j(t) = -t**2 - 78*t - 623. Determine j(-9).
-2
Let l(a) = -a**3 - 28*a**2 - 28*a + 633. Calculate l(-26).
9
Let p(q) = q**3 - 5*q**2 - 15*q + 86. Determine p(7).
79
Let z(s) = -218*s + 22. Give z(-5).
1112
Let k(z) = 4*z - 73. Calculate k(12).
-25
Le